2*f + 2 = 4. Calculate the remainder when (-6 - -43)/(1 + d) is divided by z(5).
11
Let c(w) = -w**2 - 8*w - 2. Let s be c(-8). Calculate the remainder when 36 is divided by (-10)/s + -3 - -17.
17
Suppose x = y + 2*x - 8, 2*y = -3*x + 13. What is the remainder when y is divided by 4?
3
Suppose -y = 5*b + 10, 3*y - 2*y - 5*b = -30. Let l = 41 + y. What is the remainder when 62 is divided by l?
20
Calculate the remainder when 77 is divided by (-4 - 6)/(-1)*2.
17
Suppose -3*p = 9, -3*p - 34 = -4*x + 151. Suppose l = 4*r - 4*l - 52, -4*r + 3*l = -x. Let c = 4 - -1. Calculate the remainder when r is divided by c.
3
Let d = 7 - 4. Suppose 0 = x + 5*q + 16, q = -d*x - 2*q + 12. What is the remainder when 43 is divided by x?
7
Let b = -29 - -65. Suppose -2*x - b = -6*x. Calculate the remainder when 16 is divided by x.
7
Let n = 112 - 12. Suppose -o - 3*h + 29 = -7, -5*h + n = 3*o. Suppose m - 2*b - o = b, -40 = -4*m - 4*b. Calculate the remainder when 28 is divided by m.
13
Suppose 4*x - 4 = 4*r - 0*r, -x - 5 = -3*r. Suppose r*j - 21 = 3*m, 0*m - 31 = -4*j + 3*m. Calculate the remainder when 192/10 - 3/15 is divided by j.
9
Let w(m) = 3*m - 2. Let f be w(2). Suppose 0*h = f*h. Let o(t) = -t + 2. What is the remainder when o(h) is divided by 1?
0
Let f be -1 + -1 - -4*1. Suppose 0 = 3*o - f*o - 17. Suppose z - 3 = 3. What is the remainder when o is divided by z?
5
Let p(h) = h**3 + 9*h**2 - 4*h - 21. What is the remainder when p(-9) is divided by 6 + -3 - (0 + -3)?
3
Suppose 12 = -3*p + 114. Suppose 2*i = 4*b - 46, 2*i + 3*i + p = b. What is the remainder when 25 is divided by b?
7
Let q = 34 + -30. What is the remainder when 15 is divided by q?
3
Let h = -10 + 3. Let i = 4 + h. Let d(p) = -4*p - 3. Calculate the remainder when d(i) is divided by 3.
0
Suppose -5*g + 33 = -4*m, 3*g + 2*m - 16 = -g. What is the remainder when g is divided by (2/(-6))/(1/(-6))?
1
Let b(t) = 6 + 2*t - 2 + 4. What is the remainder when b(10) is divided by 15?
13
Let q(r) = -r**3 + 4*r**2 + 2*r. Let k = -8 + 6. Calculate the remainder when 45/3 - (-2)/k is divided by q(4).
6
Suppose -w - 3 = 5*a + 2, 0 = 3*w - 3*a - 39. Let l = 51 - w. What is the remainder when l is divided by 11?
8
Let f(r) = r - 5. Let u be f(5). Suppose 4*c + 0 - 8 = u. What is the remainder when (2/(-4))/(c/(-36)) is divided by 5?
4
Let m(y) = -12*y - 6. Calculate the remainder when m(-5) is divided by 14.
12
Suppose 4*n + 3 + 97 = 0. Let v = n + 50. Calculate the remainder when v is divided by 9.
7
What is the remainder when 41 is divided by 44/(-6)*(-3)/2?
8
Suppose -m + 3*j + 46 = 0, -j + 3*j - 182 = -3*m. What is the remainder when m is divided by 12?
10
Suppose -t = 3*t. Suppose 2*r + 2*u - 46 = t, -4*r - 6*u + 97 = -u. Calculate the remainder when r is divided by 5.
3
Suppose -3*l = q - 4*q - 606, -l = -5*q - 206. What is the remainder when l is divided by 51?
48
Let u(o) = o**3 + 6*o**2 + 4*o + 5. Suppose 5*h + 3 = -7, 5*h = 2*c - 48. What is the remainder when c is divided by u(-5)?
9
Let t = 201 + -132. Calculate the remainder when t is divided by 35.
34
Suppose 4*p = 5*n - 33, 3*n - p - 21 = -4. Suppose -5 = -2*l + 4*a + 27, 0 = n*l - 3*a - 87. What is the remainder when 69 is divided by l?
15
Suppose 0*b = 4*b - 68. Calculate the remainder when 50 is divided by b.
16
Suppose 0*b = -b - 5*w - 10, 0 = b - 3*w - 22. Suppose -4*p + 44 = 2*g, 6 = -p - p. What is the remainder when g is divided by b?
8
Suppose 3*m - 17 - 7 = 0. Calculate the remainder when 21 is divided by m.
5
Calculate the remainder when 4/6 + 510/18 + 0 is divided by 16.
13
Suppose -3*b + 16 = -119. What is the remainder when b is divided by (4 - 7)/(6/(-32))?
13
Let j = -113 + 203. What is the remainder when j is divided by 23?
21
Suppose 3*i = 3, 5*k = 2*i - 0 + 23. Suppose l + 5*o = -0*o, -k*l = 3*o. Suppose l*y - 3*y = -57. What is the remainder when y is divided by 10?
9
Suppose 2 = -3*v - 10. Let k = v - -15. What is the remainder when 32 is divided by k?
10
Suppose 5*f + u - 6*u = -125, 3*u = -4*f - 121. Calculate the remainder when 54 is divided by (-524)/f - 4/(-14).
16
Suppose -4*l - 20 = 3*a - 7*a, 2*l + 20 = 4*a. Suppose l = -5*x + 34 + 1. Calculate the remainder when x is divided by 4.
3
Suppose 3*a - 49 = 35. Suppose -2*c + 28 = -a. Let n = -1 + c. Calculate the remainder when n is divided by 14.
13
Let m = 14 + 2. Calculate the remainder when 77 is divided by m.
13
Suppose 0 = b - 3*b + 14. Let j = -2 + 3. What is the remainder when -13*(-2 + 2 - j) is divided by b?
6
Suppose -3*g + 9 = 6*h - 3*h, -3*g = 2*h - 6. Suppose 0 = d + d - 5*u - 4, -10 = -5*d - h*u. Calculate the remainder when d is divided by 2.
0
Suppose 0*r = -3*c + 2*r + 34, -4*r = 4*c - 72. What is the remainder when 181 is divided by c?
13
Suppose d + 15 = 2*z, 5*z - 39 = -0*z + 3*d. Let i be (z/3 + -1)*-9. Let m = 20 + i. Calculate the remainder when 21 is divided by m.
10
Suppose -3 = -2*p + 5*p. Let a = p - -16. Calculate the remainder when 57 is divided by a.
12
Suppose -49 = -3*t - 0*f - f, -f = -1. Let z = 141 + -80. What is the remainder when z is divided by t?
13
Let l(v) = v**3 + 8*v**2 - 8*v + 13. Calculate the remainder when 20 is divided by l(-9).
0
Suppose 0 = -5*a - 20 + 15. Calculate the remainder when (61 - -3 - -3) + a is divided by 23.
20
Let m(d) = 5*d + 0 + 1 + 1. Calculate the remainder when 48 is divided by m(3).
14
Suppose -122 = -3*x + 136. Calculate the remainder when x/3 + (-8)/(-24) is divided by 10.
9
Let k(n) = n**3 - 3*n**2 + 3*n + 2. Suppose 3*i - 2 = -3*j - 5, 2*j + 17 = 3*i. What is the remainder when 42 is divided by k(i)?
9
Suppose 5*y = 13 + 12. Let s be 2 - 3 - -3 - -1. Let q = 9 + s. Calculate the remainder when q is divided by y.
2
Suppose 2*j = -0*j + 18. Let o(c) = c**3 - 8*c**2 - c + 2. What is the remainder when o(j) is divided by 25?
24
Let k be 2/(-6) - 245/21. What is the remainder when (-816)/(-15) + k/30 is divided by 28?
26
Suppose -4*w - 33 = d, d + 13 = w - 3*d. Let s = 14 + w. What is the remainder when 12 is divided by s?
5
Let q(y) = -2*y - 1. Let d be q(1). Let h = d + 22. Calculate the remainder when 56 is divided by h.
18
Suppose 17 = -3*y - 2*h + 109, -2*h + 62 = 2*y. Calculate the remainder when y is divided by 11.
8
Suppose -2*z - 2*s = -54, -z + 3*s = -2*z + 27. Calculate the remainder when z is divided by 11.
5
Let f(u) = 3*u + 15. Suppose 0*j = -2*j + 56. What is the remainder when j is divided by f(0)?
13
Let i be 4 + (-3)/(-6)*2. Suppose -56 = -3*b - f, 2*b - b = -i*f. What is the remainder when b is divided by 11?
9
Let s(d) = -d**2 + 9*d - 8. Suppose 5*k - 9 = 21. Let v = 84 - 66. What is the remainder when v is divided by s(k)?
8
Let f(v) be the third derivative of 2*v**4/3 - v**3/6 + v**2. Calculate the remainder when f(2) is divided by 11.
9
Suppose -5*g + u = 4*u - 55, 2*u - 18 = -g. Calculate the remainder when 63 is divided by g.
7
Suppose -3*a = -h - h + 7, 3*a = 5*h - 13. Suppose -3*p - 31 - 1 = -h*t, p = 5*t - 54. Calculate the remainder when 38 is divided by t.
8
Let r be (-93)/9 - (-2)/(-3). Let q = -5 - r. Let s = -6 - -22. What is the remainder when s is divided by q?
4
Let y be 3 + -41*(2 + -3). Suppose -23 = -2*w + h, -7*w + 4*h + y = -3*w. Calculate the remainder when w is divided by 7.
5
Suppose 0 = -2*y - 3*t + 3 + 5, 2*y = -4*t + 8. What is the remainder when y is divided by 2?
0
Let x = -48 - -84. Suppose 0 = -2*d + 4*d - x. Calculate the remainder when 17 is divided by (3 + -1)*d/4.
8
Let k = -10 + 9. What is the remainder when 3 is divided by -4 - (5/k + 0)?
0
Calculate the remainder when -62*(2/4 - 1) is divided by 2/9 - (-142)/9.
15
Let g(s) = -s**3 + 11*s**2 - 6*s. What is the remainder when g(4) is divided by 30?
28
Suppose 4 = -3*v + 1, 8 = 3*g + 4*v. Suppose 0*m = g*m. Suppose 2*p + m = 10. What is the remainder when p is divided by 2?
1
What is the remainder when 90/(-3)*-1 + 1 is divided by -6*2*(-2)/3?
7
Suppose -4*o + 214 - 10 = 0. Calculate the remainder when o is divided by 13.
12
Suppose 1 = -5*z + y - 8, -3*z = -3*y + 15. Let w = 7 + z. Let v = -3 + 7. Calculate the remainder when w is divided by v.
2
Suppose 9 = -s + 40. Suppose -3 = -5*k - 23, 3*v - 3*k = 60. Calculate the remainder when s is divided by v.
15
Let y = -2 - -9. Suppose -c + 7